{"id":7,"date":"2013-10-09T18:42:14","date_gmt":"2013-10-09T17:42:14","guid":{"rendered":"http:\/\/poliklinika-blazenka-nekic.hr\/hr\/?page_id=7"},"modified":"2013-12-15T19:23:03","modified_gmt":"2013-12-15T18:23:03","slug":"poliklinika","status":"publish","type":"page","link":"http:\/\/poliklinika-blazenka-nekic.hr\/hr\/poliklinika\/","title":{"rendered":"Poliklinika"},"content":{"rendered":"<p><img loading=\"lazy\" decoding=\"async\" class=\"size-full wp-image-134 aligncenter\" alt=\"poliklinika-nekic-obljetnica\" src=\"http:\/\/poliklinika-blazenka-nekic.hr\/hr\/wp-content\/uploads\/2013\/10\/poliklinika-nekic-obljetnica.jpg\" width=\"600\" height=\"363\" srcset=\"http:\/\/poliklinika-blazenka-nekic.hr\/hr\/wp-content\/uploads\/2013\/10\/poliklinika-nekic-obljetnica.jpg 600w, http:\/\/poliklinika-blazenka-nekic.hr\/hr\/wp-content\/uploads\/2013\/10\/poliklinika-nekic-obljetnica-300x181.jpg 300w\" sizes=\"auto, (max-width: 600px) 100vw, 600px\" \/><\/p>\n<p style=\"text-align: center;\"><strong>1994.g. &#8211; 2014.g<\/strong>. Dvadeset godina privatne prakse u fizikalnoj medicini i rehabilitaciji<\/p>\n<p style=\"text-align: center;\">Bla\u017eenka Neki\u0107, dr.med., specijalist za fizikalnu medicinu i rehabilitaciju, stalni sudski vje\u0161tak.<\/p>\n<p><img loading=\"lazy\" decoding=\"async\" class=\"size-full wp-image-129 aligncenter\" alt=\"poliklinika-nekic-terapeuti\" src=\"http:\/\/poliklinika-blazenka-nekic.hr\/hr\/wp-content\/uploads\/2013\/10\/poliklinika-nekic-terapeuti.jpg\" width=\"600\" height=\"399\" srcset=\"http:\/\/poliklinika-blazenka-nekic.hr\/hr\/wp-content\/uploads\/2013\/10\/poliklinika-nekic-terapeuti.jpg 600w, http:\/\/poliklinika-blazenka-nekic.hr\/hr\/wp-content\/uploads\/2013\/10\/poliklinika-nekic-terapeuti-300x199.jpg 300w, http:\/\/poliklinika-blazenka-nekic.hr\/hr\/wp-content\/uploads\/2013\/10\/poliklinika-nekic-terapeuti-140x94.jpg 140w\" sizes=\"auto, (max-width: 600px) 100vw, 600px\" \/><\/p>\n<p style=\"text-align: justify;\">Tijek privatne prakse:<\/p>\n<p style=\"text-align: justify;\"><div class='et-box et-shadow'>\r\n\t\t\t\t\t<div class='et-box-content'>1994.g. Osnovana Ordinacija za fizikalnu medicinu i rehabilitaciju dr Bla\u017eenka Neki\u0107 u Zagrebu, Klai\u0107eva 10.<\/div><\/div><\/p>\n<p style=\"text-align: justify;\"><div class='et-box et-shadow'>\r\n\t\t\t\t\t<div class='et-box-content'>2000.g. Preseljenje Ordinacije na novu adresu u Zagrebu, Dalmatinska 3<\/div><\/div><\/p>\n<p style=\"text-align: justify;\"><div class='et-box et-shadow'>\r\n\t\t\t\t\t<div class='et-box-content'>2005.g. Ordinacija se preimenuje u Polikliniku za fizikalnu medicinu i rehabilitaciju dr Bla\u017eenka Neki\u0107 u Zagrebu, Dalmatinska 3.<\/div><\/div><\/p>\n<p><img loading=\"lazy\" decoding=\"async\" class=\"size-full wp-image-132 aligncenter\" alt=\"poliklinika-nekic-mobilizacijske-tehnike\" src=\"http:\/\/poliklinika-blazenka-nekic.hr\/hr\/wp-content\/uploads\/2013\/10\/poliklinika-nekic-mobilizacijske-tehnike.jpg\" width=\"600\" height=\"399\" srcset=\"http:\/\/poliklinika-blazenka-nekic.hr\/hr\/wp-content\/uploads\/2013\/10\/poliklinika-nekic-mobilizacijske-tehnike.jpg 600w, http:\/\/poliklinika-blazenka-nekic.hr\/hr\/wp-content\/uploads\/2013\/10\/poliklinika-nekic-mobilizacijske-tehnike-300x199.jpg 300w, http:\/\/poliklinika-blazenka-nekic.hr\/hr\/wp-content\/uploads\/2013\/10\/poliklinika-nekic-mobilizacijske-tehnike-140x94.jpg 140w\" sizes=\"auto, (max-width: 600px) 100vw, 600px\" \/><\/p>\n<p style=\"text-align: justify;\"><a href=\"http:\/\/poliklinika-blazenka-nekic.hr\/hr\/poliklinika\/dr-blazenka-nekic\/\">Bla\u017eenka Neki\u0107, dr.med.<\/a> specijalist za fizikalnu medicinu i rehabilitaciju je osniva\u010d, vlasnik, ravnatelj i voditelj stru\u010dnog tima. Vi\u0161egodi\u0161nje radno iskustvo uz neprestano dodatno usavr\u0161avanje dovode do osobnog pristupa u dijagnostici i lije\u010denje je temeljeno na modernim znanstvenim dostignu\u0107ima.<\/p>\n<p style=\"text-align: justify;\">Pregled se temelji na holisti\u010dkom pristupu s manualnom dijagnostikom uz biomehani\u010dku procjenu mi\u0161i\u0107no-ko\u0161tanog sustava, uklju\u010duje:<\/p>\n<ul>\n<li>mobilizacijske tehnike zglobova i kralje\u0161nice<\/li>\n<li>apliciranje meditapinga<\/li>\n<li>edukaciju o za\u0161titinm polo\u017eajima tijela u aktivnostima svakodnevnog \u017eivota i rada<\/li>\n<li>mi\u0161ljenja o stanju mi\u0161i\u0107no ko\u0161tanog sustava za invalidsku komisiju preporuke o daljnjoj medikamentoznoj, fizikalnoj i rehabilitacijskoj terapiji<\/li>\n<li>preporuku ortopedskog pomagala<\/li>\n<li>preporuku stacionarne rehabilitacije<\/li>\n<\/ul>\n<p style=\"text-align: justify;\">Mobilizacijske tehnike zna\u010dajno reduciranju bol, pobolj\u0161avaju funkcije zglobova i kralje\u0161nice i skra\u0107uju du\u017einu lije\u010denja posebno rehabilitaciju zglobova i prijeloma kosti.<\/p>\n<p style=\"text-align: justify;\">Fizikalna terapija se odre\u0111uje i provodi strogo individualno Uzimaju\u0107i u obzir zdravstveno stanje i dob bolesnika, druge bolesti i samu tegobu.<\/p>\n<p style=\"text-align: justify;\">Metode fizikalne terapije:<\/p>\n<ul>\n<li>elektroterapija<\/li>\n<li>ultrazvu\u010dna terapija<\/li>\n<li>LART terapija<\/li>\n<li>magnetoterapija<\/li>\n<li>kineziterapija<\/li>\n<\/ul>\n<p><img loading=\"lazy\" decoding=\"async\" class=\"size-full wp-image-130 aligncenter\" alt=\"poliklinika-nekic-elektroterapija\" src=\"http:\/\/poliklinika-blazenka-nekic.hr\/hr\/wp-content\/uploads\/2013\/10\/poliklinika-nekic-elektroterapija.jpg\" width=\"600\" height=\"399\" srcset=\"http:\/\/poliklinika-blazenka-nekic.hr\/hr\/wp-content\/uploads\/2013\/10\/poliklinika-nekic-elektroterapija.jpg 600w, http:\/\/poliklinika-blazenka-nekic.hr\/hr\/wp-content\/uploads\/2013\/10\/poliklinika-nekic-elektroterapija-300x199.jpg 300w, http:\/\/poliklinika-blazenka-nekic.hr\/hr\/wp-content\/uploads\/2013\/10\/poliklinika-nekic-elektroterapija-140x94.jpg 140w\" sizes=\"auto, (max-width: 600px) 100vw, 600px\" \/><\/p>\n<p style=\"text-align: center;\"><a href='#' class='big-button bigred'>NOVO !!!<\/a><\/p>\n<p style=\"text-align: center;\">Terapija <a href=\"http:\/\/poliklinika-blazenka-nekic.hr\/hr\/usluge-i-postupci\/terapija-udarnim-valom-swt\/\">UDARNIM VALOM<\/a> I <a href=\"http:\/\/poliklinika-blazenka-nekic.hr\/hr\/usluge-i-postupci\/terapija-laserom-visokog-intenziteta-hil-laser\/\">LASER VISOKOG INTENZITETA<\/a><\/p>\n<p style=\"text-align: center;\">Terapije provode licencirani terapeuti na preporuku i kontrolu tijeka lije\u010denja licenciranog fizijatra.<\/p>\n<p style=\"text-align: center;\"><a href='#' class='big-button bigblue'>NOVO !!!<\/a><\/p>\n<p style=\"text-align: center;\"><a href=\"http:\/\/www.rehabps.com\/REHABILITATION\/Home.html\" target=\"_blank\">DNS PRISTUP U DIJAGNOSTICI I LIJE\u010cENJU<\/a>.<\/p>\n","protected":false},"excerpt":{"rendered":"<p>1994.g. &#8211; 2014.g. Dvadeset godina privatne prakse u fizikalnoj medicini i rehabilitaciji Bla\u017eenka Neki\u0107, dr.med., specijalist za fizikalnu medicinu i rehabilitaciju, stalni sudski vje\u0161tak. Tijek privatne prakse: Bla\u017eenka Neki\u0107, dr.med. specijalist za fizikalnu medicinu i rehabilitaciju je osniva\u010d, vlasnik, ravnatelj i voditelj stru\u010dnog tima. Vi\u0161egodi\u0161nje radno iskustvo uz neprestano dodatno usavr\u0161avanje dovode do osobnog pristupa [&hellip;]<\/p>\n","protected":false},"author":1,"featured_media":0,"parent":0,"menu_order":0,"comment_status":"closed","ping_status":"open","template":"","meta":{"footnotes":""},"class_list":["post-7","page","type-page","status-publish","hentry"],"_links":{"self":[{"href":"http:\/\/poliklinika-blazenka-nekic.hr\/hr\/wp-json\/wp\/v2\/pages\/7","targetHints":{"allow":["GET"]}}],"collection":[{"href":"http:\/\/poliklinika-blazenka-nekic.hr\/hr\/wp-json\/wp\/v2\/pages"}],"about":[{"href":"http:\/\/poliklinika-blazenka-nekic.hr\/hr\/wp-json\/wp\/v2\/types\/page"}],"author":[{"embeddable":true,"href":"http:\/\/poliklinika-blazenka-nekic.hr\/hr\/wp-json\/wp\/v2\/users\/1"}],"replies":[{"embeddable":true,"href":"http:\/\/poliklinika-blazenka-nekic.hr\/hr\/wp-json\/wp\/v2\/comments?post=7"}],"version-history":[{"count":8,"href":"http:\/\/poliklinika-blazenka-nekic.hr\/hr\/wp-json\/wp\/v2\/pages\/7\/revisions"}],"predecessor-version":[{"id":136,"href":"http:\/\/poliklinika-blazenka-nekic.hr\/hr\/wp-json\/wp\/v2\/pages\/7\/revisions\/136"}],"wp:attachment":[{"href":"http:\/\/poliklinika-blazenka-nekic.hr\/hr\/wp-json\/wp\/v2\/media?parent=7"}],"curies":[{"name":"wp","href":"https:\/\/api.w.org\/{rel}","templated":true}]}}

<p><img loading="lazy" decoding="async" class="size-full wp-image-134 aligncenter" alt="poliklinika-nekic-obljetnica" src="http://poliklinika-blazenka-nekic.hr/hr/wp-content/uploads/2013/10/poliklinika-nekic-obljetnica.jpg" width="600" height="363" srcset="http://poliklinika-blazenka-nekic.hr/hr/wp-content/uploads/2013/10/poliklinika-nekic-obljetnica.jpg 600w, http://poliklinika-blazenka-nekic.hr/hr/wp-content/uploads/2013/10/poliklinika-nekic-obljetnica-300x181.jpg 300w" sizes="auto, (max-width: 600px) 100vw, 600px" /></p>
<p style="text-align: center;"><strong>1994.g. &#8211; 2014.g</strong>. Dvadeset godina privatne prakse u fizikalnoj medicini i rehabilitaciji</p>
<p style="text-align: center;">Blaženka Nekić, dr.med., specijalist za fizikalnu medicinu i rehabilitaciju, stalni sudski vještak.</p>
<p><img loading="lazy" decoding="async" class="size-full wp-image-129 aligncenter" alt="poliklinika-nekic-terapeuti" src="http://poliklinika-blazenka-nekic.hr/hr/wp-content/uploads/2013/10/poliklinika-nekic-terapeuti.jpg" width="600" height="399" srcset="http://poliklinika-blazenka-nekic.hr/hr/wp-content/uploads/2013/10/poliklinika-nekic-terapeuti.jpg 600w, http://poliklinika-blazenka-nekic.hr/hr/wp-content/uploads/2013/10/poliklinika-nekic-terapeuti-300x199.jpg 300w, http://poliklinika-blazenka-nekic.hr/hr/wp-content/uploads/2013/10/poliklinika-nekic-terapeuti-140x94.jpg 140w" sizes="auto, (max-width: 600px) 100vw, 600px" /></p>
<p style="text-align: justify;">Tijek privatne prakse:</p>
<p style="text-align: justify;"><div class='et-box et-shadow'>
					<div class='et-box-content'>1994.g. Osnovana Ordinacija za fizikalnu medicinu i rehabilitaciju dr Blaženka Nekić u Zagrebu, Klaićeva 10.</div></div></p>
<p style="text-align: justify;"><div class='et-box et-shadow'>
					<div class='et-box-content'>2000.g. Preseljenje Ordinacije na novu adresu u Zagrebu, Dalmatinska 3</div></div></p>
<p style="text-align: justify;"><div class='et-box et-shadow'>
					<div class='et-box-content'>2005.g. Ordinacija se preimenuje u Polikliniku za fizikalnu medicinu i rehabilitaciju dr Blaženka Nekić u Zagrebu, Dalmatinska 3.</div></div></p>
<p><img loading="lazy" decoding="async" class="size-full wp-image-132 aligncenter" alt="poliklinika-nekic-mobilizacijske-tehnike" src="http://poliklinika-blazenka-nekic.hr/hr/wp-content/uploads/2013/10/poliklinika-nekic-mobilizacijske-tehnike.jpg" width="600" height="399" srcset="http://poliklinika-blazenka-nekic.hr/hr/wp-content/uploads/2013/10/poliklinika-nekic-mobilizacijske-tehnike.jpg 600w, http://poliklinika-blazenka-nekic.hr/hr/wp-content/uploads/2013/10/poliklinika-nekic-mobilizacijske-tehnike-300x199.jpg 300w, http://poliklinika-blazenka-nekic.hr/hr/wp-content/uploads/2013/10/poliklinika-nekic-mobilizacijske-tehnike-140x94.jpg 140w" sizes="auto, (max-width: 600px) 100vw, 600px" /></p>
<p style="text-align: justify;"><a href="http://poliklinika-blazenka-nekic.hr/hr/poliklinika/dr-blazenka-nekic/">Blaženka Nekić, dr.med.</a> specijalist za fizikalnu medicinu i rehabilitaciju je osnivač, vlasnik, ravnatelj i voditelj stručnog tima. Višegodišnje radno iskustvo uz neprestano dodatno usavršavanje dovode do osobnog pristupa u dijagnostici i liječenje je temeljeno na modernim znanstvenim dostignućima.</p>
<p style="text-align: justify;">Pregled se temelji na holističkom pristupu s manualnom dijagnostikom uz biomehaničku procjenu mišićno-koštanog sustava, uključuje:</p>
<ul>
<li>mobilizacijske tehnike zglobova i kralješnice</li>
<li>apliciranje meditapinga</li>
<li>edukaciju o zaštitinm položajima tijela u aktivnostima svakodnevnog života i rada</li>
<li>mišljenja o stanju mišićno koštanog sustava za invalidsku komisiju preporuke o daljnjoj medikamentoznoj, fizikalnoj i rehabilitacijskoj terapiji</li>
<li>preporuku ortopedskog pomagala</li>
<li>preporuku stacionarne rehabilitacije</li>
</ul>
<p style="text-align: justify;">Mobilizacijske tehnike značajno reduciranju bol, poboljšavaju funkcije zglobova i kralješnice i skraćuju dužinu liječenja posebno rehabilitaciju zglobova i prijeloma kosti.</p>
<p style="text-align: justify;">Fizikalna terapija se određuje i provodi strogo individualno Uzimajući u obzir zdravstveno stanje i dob bolesnika, druge bolesti i samu tegobu.</p>
<p style="text-align: justify;">Metode fizikalne terapije:</p>
<ul>
<li>elektroterapija</li>
<li>ultrazvučna terapija</li>
<li>LART terapija</li>
<li>magnetoterapija</li>
<li>kineziterapija</li>
</ul>
<p><img loading="lazy" decoding="async" class="size-full wp-image-130 aligncenter" alt="poliklinika-nekic-elektroterapija" src="http://poliklinika-blazenka-nekic.hr/hr/wp-content/uploads/2013/10/poliklinika-nekic-elektroterapija.jpg" width="600" height="399" srcset="http://poliklinika-blazenka-nekic.hr/hr/wp-content/uploads/2013/10/poliklinika-nekic-elektroterapija.jpg 600w, http://poliklinika-blazenka-nekic.hr/hr/wp-content/uploads/2013/10/poliklinika-nekic-elektroterapija-300x199.jpg 300w, http://poliklinika-blazenka-nekic.hr/hr/wp-content/uploads/2013/10/poliklinika-nekic-elektroterapija-140x94.jpg 140w" sizes="auto, (max-width: 600px) 100vw, 600px" /></p>
<p style="text-align: center;"><a href='#' class='big-button bigred'>NOVO !!!</a></p>
<p style="text-align: center;">Terapija <a href="http://poliklinika-blazenka-nekic.hr/hr/usluge-i-postupci/terapija-udarnim-valom-swt/">UDARNIM VALOM</a> I <a href="http://poliklinika-blazenka-nekic.hr/hr/usluge-i-postupci/terapija-laserom-visokog-intenziteta-hil-laser/">LASER VISOKOG INTENZITETA</a></p>
<p style="text-align: center;">Terapije provode licencirani terapeuti na preporuku i kontrolu tijeka liječenja licenciranog fizijatra.</p>
<p style="text-align: center;"><a href='#' class='big-button bigblue'>NOVO !!!</a></p>
<p style="text-align: center;"><a href="http://www.rehabps.com/REHABILITATION/Home.html" target="_blank">DNS PRISTUP U DIJAGNOSTICI I LIJEČENJU</a>.</p>

<p>1994.g. &#8211; 2014.g. Dvadeset godina privatne prakse u fizikalnoj medicini i rehabilitaciji Blaženka Nekić, dr.med., specijalist za fizikalnu medicinu i rehabilitaciju, stalni sudski vještak. Tijek privatne prakse: Blaženka Nekić, dr.med. specijalist za fizikalnu medicinu i rehabilitaciju je osnivač, vlasnik, ravnatelj i voditelj stručnog tima. Višegodišnje radno iskustvo uz neprestano dodatno usavršavanje dovode do osobnog pristupa [&hellip;]</p>
